{"id":457,"date":"2017-01-22T13:42:45","date_gmt":"2017-01-22T13:42:45","guid":{"rendered":"http:\/\/www.bianca-roters.de\/?page_id=457"},"modified":"2020-10-29T18:43:56","modified_gmt":"2020-10-29T18:43:56","slug":"publikationen-ubersicht","status":"publish","type":"page","link":"https:\/\/www.bianca-roters.de\/?page_id=457","title":{"rendered":"Monografien und Herausgeberschaften"},"content":{"rendered":"<table width=\"100%\">\n<tbody>\n<tr>\n<td width=\"100%\">Benitt, N., Blume, C., E\u00dfer, S., Gerlach, D., Roters, B., Schmidt, T., &amp; Springob, J. (Hrsg.) (2019). Perspektiven inklusiven Englischunterrichts: Gemeinsam lehren und lernen: Dokumentation zur Tagung vom 20. und 21. September 2018 an der Leuphana Universit\u00e4t L\u00fcneburg. <a title=\"Sammelband Konferenz L\u00fcneburg\" href=\"http:\/\/www.inklusiver-englischunterricht.de\/\" target=\"_blank\">Online verf\u00fcgbar<\/a>.<\/td>\n<\/tr>\n<tr>\n<td width=\"100%\">Roters, B., Gerlach, D. &amp; E\u00dfer, S. (Hrsg.) (2018). Inklusiver Englischunterricht. Beitr\u00e4ge zur Schulentwicklung. M\u00fcnster: Waxmann.<\/td>\n<\/tr>\n<tr>\n<td width=\"100%\">Roters, B. (2012).\u00a0<a href=\"http:\/\/www.waxmann.com\/index.php?id=buecher&amp;no_cache=1&amp;tx_p2waxmann_pi1%5boberkategorie%5d=OKA100024&amp;tx_p2waxmann_pi1%5breihe%5d=REI100112&amp;tx_p2waxmann_pi1%5bbuch%5d=BUC122792\">Professionalisierung durch Reflexion in der Lehrerbildung<\/a>. Eine empirische Studie an einer deutschen und einer US-amerikanischen Universit\u00e4t. M\u00fcnster: Waxmann.\u00a0<a href=\"http:\/\/www.klinkhardt.de\/ewr\/978383092662.html\">Rezension\u00a0<\/a>in Erziehungswissenschaftliche Revue \u2013 EWR\u00a0\/\u00a0EWR 13 Nr. 4<\/td>\n<\/tr>\n<tr>\n<td width=\"100%\">Eder, F.; Roters, B.; Scholkmann, A.; Valk-Draad, M. P. (Hrsg.) (2011). Wirksamkeit problembasierten Lernens als hochschuldidaktische Methode. Ergebnisbericht einer Pilotstudie mit Studierenden in der Schweiz und Deutschland. Technische Universit\u00e4t Dortmund: Hochschuldidaktisches Zentrum (HDZ).\u00a0<a href=\"http:\/\/www.hdz.tu-dortmund.de\/fileadmin\/Projekte\/pbl\/ErgebnisberichtPilotstudie.pdf\">Online verf\u00fcgbar<\/a><\/td>\n<\/tr>\n<tr>\n<td width=\"100%\">Roters, B., Schneider, R., Koch-Priewe, B., Thiele, J., Wildt, J. (Hrsg.) (2009):\u00a0<a href=\"http:\/\/www.klinkhardt.de\/verlagsprogramm\/1686.html\">Forschendes Lernen in Praxisstudien \u2013 Hochschuldidaktik. Professionalisierung. Kompetenzentwicklung.<\/a>\u00a0Bad Heilbrunn: Klinkhardt.<\/td>\n<\/tr>\n<tr>\n<td width=\"100%\">Scholkmann, A., Roters, B., Ricken, J., H\u00f6cker, M. (Hrsg.) (2008):\u00a0<a href=\"https:\/\/www.waxmann.com\/waxmann-buecher\/?tx_p2waxmann_pi2%5Bbuch%5D=BUC120057&amp;tx_p2waxmann_pi2%5Baction%5D=show&amp;tx_p2waxmann_pi2%5Bcontroller%5D=Buch&amp;cHash=64ff1d3df22bc0c7b212591e7c30a3bd\">Hochschulforschung und Hochschulmanagement im Dialog<\/a>. Zur Praxisrelevanz empirischer Forschung \u00fcber die Hochschule. M\u00fcnster: Waxmann.<\/td>\n<\/tr>\n<\/tbody>\n<\/table>\n","protected":false},"excerpt":{"rendered":"<p>Benitt, N., Blume, C., E\u00dfer, S., Gerlach, D., Roters, B., Schmidt, T., &amp; Springob, J. (Hrsg.) (2019). Perspektiven inklusiven Englischunterrichts: Gemeinsam lehren und lernen: Dokumentation zur Tagung vom 20. und 21. September 2018 an der Leuphana Universit\u00e4t L\u00fcneburg. Online verf\u00fcgbar. Roters, B., Gerlach, D. &amp; E\u00dfer, S. (Hrsg.) (2018). Inklusiver Englischunterricht. Beitr\u00e4ge zur Schulentwicklung. M\u00fcnster: [&hellip;]<\/p>\n","protected":false},"author":1,"featured_media":0,"parent":377,"menu_order":2,"comment_status":"closed","ping_status":"closed","template":"page-templates\/front-page.php","meta":{"footnotes":""},"class_list":["post-457","page","type-page","status-publish","hentry"],"_links":{"self":[{"href":"https:\/\/www.bianca-roters.de\/index.php?rest_route=\/wp\/v2\/pages\/457","targetHints":{"allow":["GET"]}}],"collection":[{"href":"https:\/\/www.bianca-roters.de\/index.php?rest_route=\/wp\/v2\/pages"}],"about":[{"href":"https:\/\/www.bianca-roters.de\/index.php?rest_route=\/wp\/v2\/types\/page"}],"author":[{"embeddable":true,"href":"https:\/\/www.bianca-roters.de\/index.php?rest_route=\/wp\/v2\/users\/1"}],"replies":[{"embeddable":true,"href":"https:\/\/www.bianca-roters.de\/index.php?rest_route=%2Fwp%2Fv2%2Fcomments&post=457"}],"version-history":[{"count":14,"href":"https:\/\/www.bianca-roters.de\/index.php?rest_route=\/wp\/v2\/pages\/457\/revisions"}],"predecessor-version":[{"id":641,"href":"https:\/\/www.bianca-roters.de\/index.php?rest_route=\/wp\/v2\/pages\/457\/revisions\/641"}],"up":[{"embeddable":true,"href":"https:\/\/www.bianca-roters.de\/index.php?rest_route=\/wp\/v2\/pages\/377"}],"wp:attachment":[{"href":"https:\/\/www.bianca-roters.de\/index.php?rest_route=%2Fwp%2Fv2%2Fmedia&parent=457"}],"curies":[{"name":"wp","href":"https:\/\/api.w.org\/{rel}","templated":true}]}}