{"id":724,"date":"2021-09-22T07:04:33","date_gmt":"2021-09-22T07:04:33","guid":{"rendered":"http:\/\/www.bianca-roters.de\/?page_id=724"},"modified":"2024-06-20T12:08:39","modified_gmt":"2024-06-20T12:08:39","slug":"lehrveranstaltungen","status":"publish","type":"page","link":"https:\/\/www.bianca-roters.de\/?page_id=724","title":{"rendered":"Lehrveranstaltungen"},"content":{"rendered":"\n<p>Hier finden Sie das <a href=\"https:\/\/moodle.bianca-roters.de\/\" target=\"_blank\" rel=\"noreferrer noopener\">Seminar- und Kursangebot<\/a>, das ich \u00fcber Moodle an verschiedenen Universit\u00e4ten anbiete. Meine aktuellen Lehrveranstaltungen an der PH Ludwigsburg finden Sie \u00fcber <a href=\"https:\/\/lsf.ph-ludwigsburg.de\/qisserverlb\/rds?state=verpublish&amp;status=init&amp;vmfile=no&amp;moduleCall=webInfo&amp;publishConfFile=webInfoPerson&amp;publishSubDir=personal&amp;keep=y&amp;purge=y&amp;personal.pid=5822\" target=\"_blank\" rel=\"noreferrer noopener\">LSF.\u00a0<\/a> Auf meiner <a href=\"https:\/\/moodle.bianca-roters.de\/course\/view.php?id=24\" target=\"_blank\" rel=\"noreferrer noopener\">Moodle-Seite<\/a> (auf Gast klicken) finden Sie Informationen zum Studium an der PH sowie zu meinen Schwerpunkten. <\/p>\n\n\n\n<div class=\"wp-block-pb-accordion-item c-accordion__item js-accordion-item no-js\" data-initially-open=\"false\" data-click-to-close=\"true\" data-auto-close=\"true\" data-scroll=\"false\" data-scroll-offset=\"0\"><h2 id=\"at-7240\" class=\"c-accordion__title js-accordion-controller\" role=\"button\"><strong>Seminare im Bereich Fremdsprachendidaktik\/Sprachdidaktik<\/strong><\/h2><div id=\"ac-7240\" class=\"c-accordion__content\">\n<figure class=\"wp-block-table\"><table><tbody><tr><td>Current Research Trends in SLA between Interaction and Instruction, MA-Seminar Sprachdidaktik, WS 2022\/23, P\u00e4dagogische Hochschule Heidelberg<\/td><\/tr><tr><td>Material Analysis and Design, BA-Seminar Fachdidaktik, Englisches Seminar, Universit\u00e4t M\u00fcnster, SoSe 2022<\/td><\/tr><tr><td>The future is now &#8211; EFL teaching and learning in a digital world, MA-Seminar Sprachdidaktik, WiSe 2021\/22, Abteilung Englisch, P\u00e4dagogische Hochschule Heidelberg. Dieses Seminar wird auch \u00fcber die Zusatzqualifikation &#8220;Informations- und Medienkompetenz&#8221; der Heidelberg School of Education angeboten.<\/td><\/tr><tr><td>New developments in primary EFL teaching and learning<br>MA-Seminar Sprachdidaktik, SoSe 2021, Abteilung Englisch, P\u00e4dagogische Hochschule Heidelberg<\/td><\/tr><tr><td>What makes a good EFL teacher? \u2013 Theoretical assumptions, empirical findings and implications for the EFL classroom<br>Hauptseminar Fachdidaktik, WiSe 2012\/13, Institut f\u00fcr Anglistik und Amerikanistik, TU Dortmund<\/td><\/tr><tr><td>Teaching and Assessing Written and Oral Skills in the EFL Classroom,<br>Hauptseminar Fach- und Sprachdidaktik, WiSe 2010\/11, Abteilung Englisch, P\u00e4dagogische Hochschule Heidelberg<\/td><\/tr><tr><td>Becoming e-literate: Language Learning in an Electronic Age (Seminar in Kooperation mit Fachdidaktik Englisch, Martin-Luther-Universit\u00e4t Halle-Wittenberg)<br>Hauptseminar Fachdidaktik, SoSe 2009, Institut f\u00fcr Anglistik und Amerikanistik, TU Dortmund<\/td><\/tr><\/tbody><\/table><\/figure>\n<\/div><\/div>\n\n\n\n<div class=\"wp-block-pb-accordion-item c-accordion__item js-accordion-item no-js\" data-initially-open=\"false\" data-click-to-close=\"true\" data-auto-close=\"true\" data-scroll=\"false\" data-scroll-offset=\"0\"><h2 id=\"at-7241\" class=\"c-accordion__title js-accordion-controller\" role=\"button\"><strong>Seminare in den Bereichen der fremdsprachlichen Lehrerprofessions- und Unterrichtsforschung<\/strong><\/h2><div id=\"ac-7241\" class=\"c-accordion__content\">\n<figure class=\"wp-block-table\"><table><tbody><tr><td>Classroom Management als Merkmal von Unterrichtsqualit\u00e4t BA-Seminar, SoSe 2014 &amp; Hauptseminar Praxissemester, WiSe 20214\/15, Humanwissenschaftliche Fakult\u00e4t, Universit\u00e4t zu K\u00f6ln<\/td><\/tr><tr><td>Interdisciplinary Classroom Research and the Interface between Educational Psychology and EFL<br>Hauptseminar, SoSe 2008, Institut f\u00fcr Anglistik und Amerikanistik, TU Dortmund<\/td><\/tr><tr><td>Teacher Education in Germany and the US<br>Hauptseminar, WiSe 2008\/09, Institut f\u00fcr Anglistik und Amerikanistik, TU Dortmund<\/td><\/tr><tr><td>Introduction to English as a Second\/Foreign Language<br>Vorlesung, WiSe 2007\/08, Institut f\u00fcr Anglistik und Amerikanistik, TU Dortmund<\/td><\/tr><\/tbody><\/table><\/figure>\n<\/div><\/div>\n\n\n\n<div class=\"wp-block-pb-accordion-item c-accordion__item js-accordion-item no-js\" data-initially-open=\"false\" data-click-to-close=\"true\" data-auto-close=\"true\" data-scroll=\"false\" data-scroll-offset=\"0\"><h2 id=\"at-7242\" class=\"c-accordion__title js-accordion-controller\" role=\"button\"><strong>Seminare&nbsp;Fachdidaktik Englisch im Zusammenhang mit schulpraktischen Studien<\/strong><\/h2><div id=\"ac-7242\" class=\"c-accordion__content\">\n<figure class=\"wp-block-table\"><table><tbody><tr><td>Hauptseminare zur schulpraktischen Begleitung im Rahmen des Theorie-Praxis-Moduls: Element 1 (Erziehungswissenschaften) sowie Element 4 (Begleitforschungsseminar in interdisziplin\u00e4rer Kooperation Erziehungswissesnschaft + Fachdidaktik Englisch)<br>Hauptseminare SoSe 2007-WS 2008\/09, TU Dortmund<\/td><\/tr><tr><td>Planung, Gestaltung und Reflexion von Englischunterricht<br>Hauptseminar, SoSe 2008-WS 2008\/09, Institut f\u00fcr Anglistik und Amerikanistik, TU Dortmund<\/td><\/tr><tr><td>Lehrerausbildung im internationalen Vergleich<br>Hauptseminar, WiSe 2006\/07-SoSe 2006, Institut f\u00fcr Allgemeine Didaktik und Schulp\u00e4dagogik, TU Dortmund<\/td><\/tr><\/tbody><\/table><\/figure>\n<\/div><\/div>\n\n\n\n<div class=\"wp-block-pb-accordion-item c-accordion__item js-accordion-item no-js\" data-initially-open=\"false\" data-click-to-close=\"true\" data-auto-close=\"true\" data-scroll=\"false\" data-scroll-offset=\"0\"><h2 id=\"at-7243\" class=\"c-accordion__title js-accordion-controller\" role=\"button\"><strong>Sonstige&nbsp;Veranstaltungen und Auftr\u00e4ge als Dozentin<\/strong><\/h2><div id=\"ac-7243\" class=\"c-accordion__content\">\n<figure class=\"wp-block-table\"><table><tbody><tr><td>Intermediate German + German Conversation<br>Graduate studies, SoSe 2002-WiSe 2001\/02, Department of Germanic Languages &amp; Literatures, University of Virginia]<\/td><\/tr><tr><td>Technical Englisch, Grundstudium, SoSe 2004- WiSe 2005\/06, Fachbereich Bio- und Chemieingenieurwesen, TU Dortmund<\/td><\/tr><tr><td>German Culture, Grundstudium, SoSe 2004, Fakult\u00e4t Raumplanung, TU Dortmund<\/td><\/tr><\/tbody><\/table><\/figure>\n<\/div><\/div>\n","protected":false},"excerpt":{"rendered":"<p>Hier finden Sie das Seminar- und Kursangebot, das ich \u00fcber Moodle an verschiedenen Universit\u00e4ten anbiete. Meine aktuellen Lehrveranstaltungen an der PH Ludwigsburg finden Sie \u00fcber LSF.\u00a0 Auf meiner Moodle-Seite (auf Gast klicken) finden Sie Informationen zum Studium an der PH sowie zu meinen Schwerpunkten.<\/p>\n","protected":false},"author":1,"featured_media":0,"parent":714,"menu_order":1,"comment_status":"closed","ping_status":"closed","template":"","meta":{"footnotes":""},"class_list":["post-724","page","type-page","status-publish","hentry"],"_links":{"self":[{"href":"https:\/\/www.bianca-roters.de\/index.php?rest_route=\/wp\/v2\/pages\/724","targetHints":{"allow":["GET"]}}],"collection":[{"href":"https:\/\/www.bianca-roters.de\/index.php?rest_route=\/wp\/v2\/pages"}],"about":[{"href":"https:\/\/www.bianca-roters.de\/index.php?rest_route=\/wp\/v2\/types\/page"}],"author":[{"embeddable":true,"href":"https:\/\/www.bianca-roters.de\/index.php?rest_route=\/wp\/v2\/users\/1"}],"replies":[{"embeddable":true,"href":"https:\/\/www.bianca-roters.de\/index.php?rest_route=%2Fwp%2Fv2%2Fcomments&post=724"}],"version-history":[{"count":11,"href":"https:\/\/www.bianca-roters.de\/index.php?rest_route=\/wp\/v2\/pages\/724\/revisions"}],"predecessor-version":[{"id":1138,"href":"https:\/\/www.bianca-roters.de\/index.php?rest_route=\/wp\/v2\/pages\/724\/revisions\/1138"}],"up":[{"embeddable":true,"href":"https:\/\/www.bianca-roters.de\/index.php?rest_route=\/wp\/v2\/pages\/714"}],"wp:attachment":[{"href":"https:\/\/www.bianca-roters.de\/index.php?rest_route=%2Fwp%2Fv2%2Fmedia&parent=724"}],"curies":[{"name":"wp","href":"https:\/\/api.w.org\/{rel}","templated":true}]}}