{"id":734,"date":"2021-09-22T07:10:46","date_gmt":"2021-09-22T07:10:46","guid":{"rendered":"http:\/\/www.bianca-roters.de\/?page_id=734"},"modified":"2021-09-22T07:10:46","modified_gmt":"2021-09-22T07:10:46","slug":"eigene-fort-und-weiterbildung","status":"publish","type":"page","link":"https:\/\/www.bianca-roters.de\/?page_id=734","title":{"rendered":"Eigene Fort- und Weiterbildung"},"content":{"rendered":"<p>Inklusion Kompakt, Akademie Mont-Cenis (2016)<\/p>\n<p>F\u00fchrung I \u2013 Kommunikation und F\u00fchrung,\u00a0Akademie Mont-Cenis (2016)<\/p>\n<p>&nbsp;<\/p>\n<p><strong>Eigene hochschuldidaktische Weiterbildung (zus\u00e4tzlich zur Lehrerausbildung):<\/strong><\/p>\n<p>Zertifikat Hochschuldidaktik, Modul I, HDZ Dortmund<\/p>\n<p>Einf\u00fchrung in die systemische Beratung (10.-14.9.2007, Johannes Ketteler, Dortmund)<\/p>\n<p>Einf\u00fchrung in die kollegiale Beratung (11\/2007, D\u00f6rte Husmann, Universit\u00e4t Bielefeld)<\/p>\n<p>Mentorin f\u00fcr Nachwuchswissenschaftler*innen im Rahmen von <em>Movement<\/em> an der Universit\u00e4t Bielefeld (bis 4\/2012)<\/p>\n","protected":false},"excerpt":{"rendered":"<p>Inklusion Kompakt, Akademie Mont-Cenis (2016) F\u00fchrung I \u2013 Kommunikation und F\u00fchrung,\u00a0Akademie Mont-Cenis (2016) &nbsp; Eigene hochschuldidaktische Weiterbildung (zus\u00e4tzlich zur Lehrerausbildung): Zertifikat Hochschuldidaktik, Modul I, HDZ Dortmund Einf\u00fchrung in die systemische Beratung (10.-14.9.2007, Johannes Ketteler, Dortmund) Einf\u00fchrung in die kollegiale Beratung (11\/2007, D\u00f6rte Husmann, Universit\u00e4t Bielefeld) Mentorin f\u00fcr Nachwuchswissenschaftler*innen im Rahmen von Movement an der Universit\u00e4t [&hellip;]<\/p>\n","protected":false},"author":1,"featured_media":0,"parent":16,"menu_order":2,"comment_status":"closed","ping_status":"closed","template":"","meta":{"footnotes":""},"class_list":["post-734","page","type-page","status-publish","hentry"],"_links":{"self":[{"href":"https:\/\/www.bianca-roters.de\/index.php?rest_route=\/wp\/v2\/pages\/734","targetHints":{"allow":["GET"]}}],"collection":[{"href":"https:\/\/www.bianca-roters.de\/index.php?rest_route=\/wp\/v2\/pages"}],"about":[{"href":"https:\/\/www.bianca-roters.de\/index.php?rest_route=\/wp\/v2\/types\/page"}],"author":[{"embeddable":true,"href":"https:\/\/www.bianca-roters.de\/index.php?rest_route=\/wp\/v2\/users\/1"}],"replies":[{"embeddable":true,"href":"https:\/\/www.bianca-roters.de\/index.php?rest_route=%2Fwp%2Fv2%2Fcomments&post=734"}],"version-history":[{"count":2,"href":"https:\/\/www.bianca-roters.de\/index.php?rest_route=\/wp\/v2\/pages\/734\/revisions"}],"predecessor-version":[{"id":736,"href":"https:\/\/www.bianca-roters.de\/index.php?rest_route=\/wp\/v2\/pages\/734\/revisions\/736"}],"up":[{"embeddable":true,"href":"https:\/\/www.bianca-roters.de\/index.php?rest_route=\/wp\/v2\/pages\/16"}],"wp:attachment":[{"href":"https:\/\/www.bianca-roters.de\/index.php?rest_route=%2Fwp%2Fv2%2Fmedia&parent=734"}],"curies":[{"name":"wp","href":"https:\/\/api.w.org\/{rel}","templated":true}]}}