{"id":741,"date":"2021-09-22T07:21:51","date_gmt":"2021-09-22T07:21:51","guid":{"rendered":"http:\/\/www.bianca-roters.de\/?page_id=741"},"modified":"2025-06-07T06:56:06","modified_gmt":"2025-06-07T06:56:06","slug":"mitgliedschaft","status":"publish","type":"page","link":"https:\/\/www.bianca-roters.de\/?page_id=741","title":{"rendered":"Mitgliedschaften"},"content":{"rendered":"<ul>\n<li>Deutsche Gesellschaft f\u00fcr Fremdsprachenforschung (<a class=\"docs-creator\" href=\"http:\/\/www.dgff.de\/\" target=\"_blank\" rel=\"noopener\">DGFF<\/a>)<\/li>\n<li><a class=\"docs-creator\" href=\"https:\/\/blog.studiumdigitale.uni-frankfurt.de\/fff-netzwerk\/\" target=\"_blank\" rel=\"noopener\">FFF-Netzwerk<\/a> &#8211; Forschung zum fr\u00fchen Fremdsprachenunterricht<\/li>\n<li>Gr\u00fcndungsmitglied Netzwerk <a class=\"docs-creator\" href=\"https:\/\/inklusiver-englischunterricht.de\/\" target=\"_blank\" rel=\"noopener\">Inklusiver Englischunterricht<\/a><\/li>\n<li>Cornelsen English Network (<a class=\"docs-creator\" href=\"https:\/\/www.cornelsen.de\/netzwerke\/cen\" target=\"_blank\" rel=\"noopener\">CEN<\/a>)<\/li>\n<li><em>International Association for Task-Based Language Teaching<\/em> (<a class=\"docs-creator\" href=\"https:\/\/www.iatblt.org\/\" target=\"_blank\" rel=\"noopener\">IATBLT<\/a>)<\/li>\n<\/ul>\n\n\n<p><\/p>\n","protected":false},"excerpt":{"rendered":"<p>Deutsche Gesellschaft f\u00fcr Fremdsprachenforschung (DGFF) FFF-Netzwerk &#8211; Forschung zum fr\u00fchen Fremdsprachenunterricht Gr\u00fcndungsmitglied Netzwerk Inklusiver Englischunterricht Cornelsen English Network (CEN) International Association for Task-Based Language Teaching (IATBLT)<\/p>\n","protected":false},"author":1,"featured_media":0,"parent":16,"menu_order":3,"comment_status":"closed","ping_status":"closed","template":"","meta":{"footnotes":""},"class_list":["post-741","page","type-page","status-publish","hentry"],"_links":{"self":[{"href":"https:\/\/www.bianca-roters.de\/index.php?rest_route=\/wp\/v2\/pages\/741","targetHints":{"allow":["GET"]}}],"collection":[{"href":"https:\/\/www.bianca-roters.de\/index.php?rest_route=\/wp\/v2\/pages"}],"about":[{"href":"https:\/\/www.bianca-roters.de\/index.php?rest_route=\/wp\/v2\/types\/page"}],"author":[{"embeddable":true,"href":"https:\/\/www.bianca-roters.de\/index.php?rest_route=\/wp\/v2\/users\/1"}],"replies":[{"embeddable":true,"href":"https:\/\/www.bianca-roters.de\/index.php?rest_route=%2Fwp%2Fv2%2Fcomments&post=741"}],"version-history":[{"count":8,"href":"https:\/\/www.bianca-roters.de\/index.php?rest_route=\/wp\/v2\/pages\/741\/revisions"}],"predecessor-version":[{"id":1582,"href":"https:\/\/www.bianca-roters.de\/index.php?rest_route=\/wp\/v2\/pages\/741\/revisions\/1582"}],"up":[{"embeddable":true,"href":"https:\/\/www.bianca-roters.de\/index.php?rest_route=\/wp\/v2\/pages\/16"}],"wp:attachment":[{"href":"https:\/\/www.bianca-roters.de\/index.php?rest_route=%2Fwp%2Fv2%2Fmedia&parent=741"}],"curies":[{"name":"wp","href":"https:\/\/api.w.org\/{rel}","templated":true}]}}